se -4*o - 150 = -k, -5*k = m*o - 4*o - 674. What are the prime factors of k?
2, 67
Let j = 387 + -385. Suppose 20*h = 16*h, -587 = -i + j*h. List the prime factors of i.
587
Let s(g) = 223*g**3 - 11*g**2 - 6*g + 24. What are the prime factors of s(3)?
2, 3, 13, 19
Let d be (4 - (-24)/(-10))*50/4. Let j = d + 32. Let s = j - -47. What are the prime factors of s?
3, 11
Suppose -4*y - 62 - 2 = 0. Suppose -16 = -5*t - 5*j + 14, -2 = -j. List the prime factors of t/(y/(-7) + -2) - 3.
11
Suppose -18*x + 47989 + 108121 + 97438 = 0. List the prime factors of x.
2, 7043
Suppose 14*n = 16*n - 42. Let d be 4/6 + -2*(-2744)/n. Let t = -148 + d. List the prime factors of t.
2, 3, 19
Let k = -84 + 83. Let g be k/(-2) - (2 - (-56)/(-16)). Suppose 10 = g*b - 20. What are the prime factors of b?
3, 5
Let h = -36 - -40. What are the prime factors of (6 + (-395)/(-10))*h?
2, 7, 13
Let m(i) = 5*i**3 + 51*i**2 - 25*i + 4. What are the prime factors of m(-8)?
2, 227
Let v(r) = -160*r + 9. Let q be v(-2). Let c = 693 - q. What are the prime factors of c?
2, 7, 13
Suppose 5*c + 6 = 31. Suppose 2*q - 2 = 0, -c*q - 112 = 8*k - 11*k. What are the prime factors of k?
3, 13
Let v be (-4)/2 - -4 - 3. Let u be v/(34/12 + -3). Let b = u + -2. List the prime factors of b.
2
Let v(d) = d**3 + 12*d**2 - 2*d. Let z be v(-12). Suppose 30 = 5*n - 5*b, 0*b + 5*b + 22 = n. Suppose z = n*a - 60. What are the prime factors of a?
2, 3, 7
Suppose 717*l = 720*l - 21249. What are the prime factors of l?
3, 787
Suppose 0 = 171*r - 162*r - 18. Suppose 3*v - 2*v - 601 = -3*t, -4*v + r*t = -2362. What are the prime factors of v?
2, 37
Let i be (2/7)/(1/14). Let o(p) = -244*p + 1. Let l be o(-1). Suppose -2*x - 3*x - 5*m + l = 0, -100 = -2*x - i*m. List the prime factors of x.
2, 3
What are the prime factors of 2993958/495 + (0/(-5) - 4/10)?
2, 3, 7
Let j = -662 + 670. What are the prime factors of 0 + 657 + 6 + j + -2?
3, 223
Suppose -4*a = -4*s - 74088, 0 = 3*a + 1033*s - 1028*s - 55614. List the prime factors of a.
2, 3, 193
Let w = 31 + -24. Let b = w - -428. What are the prime factors of b?
3, 5, 29
Let l be 41/4 - (-4 - (-17)/4). Suppose l*f + 924 = 21*f. List the prime factors of f.
2, 3, 7
Suppose -3*k - 2*k = -k. What are the prime factors of k*((-18)/12 - -2) + 555?
3, 5, 37
Let s = -49 + 21. Let q be 4/((-8)/(-6)) - s. List the prime factors of (-6)/(-10) + (-2)/(-5) + q.
2
Suppose -5*h + k - 1547 = -0*k, 0 = 4*h + k + 1234. Let x = 670 + h. List the prime factors of x.
19
Let i(w) be the third derivative of 23*w**5/30 - w**4/24 - 5*w**3/6 + 113*w**2. What are the prime factors of i(-3)?
2, 103
Let p(m) = 23*m**2 + 3*m - 1. Let t be 1 + 12/4 - -2. What are the prime factors of p(t)?
5, 13
What are the prime factors of 8 + -13 + ((-6)/(-24))/((-5)/(-140340))?
2, 1753
Let g = -7287 + 10628. What are the prime factors of g?
13, 257
Suppose -a = 3*s - 603, 5*a + 72*s = 68*s + 2993. What are the prime factors of a?
3, 199
Let v(a) = -5*a**2 + 28. Let h be v(-8). Let m = h + 810. List the prime factors of m.
2, 7, 37
Let u(t) = -t**3 + 29*t**2 + 31*t - 345. What are the prime factors of u(26)?
19, 131
Suppose -2*w = 31 - 43. List the prime factors of (468/130)/(w/135).
3
Suppose -3*u + 18 = 12. Suppose -5*j + 0*a + a = -2504, -u = -2*a. Suppose 194 = 5*n - j. What are the prime factors of n?
139
Let h(r) = r**2 - r - 35. Let g be h(0). What are the prime factors of 1*105*(-60)/g?
2, 3, 5
List the prime factors of (7/(-168)*6)/(3/(-140124)).
11677
Suppose 6 = -l + 5*m, 4*l + 3*m + 149 - 56 = 0. Let k = 68 - l. Let r = -49 + k. List the prime factors of r.
2, 5
Let w = 19195 - 11154. List the prime factors of w.
11, 17, 43
Suppose 5*p - 163 = -113. Let a(r) = -r**3 + 15*r**2 - 4*r - 26. What are the prime factors of a(p)?
2, 7, 31
Let i(y) = -41 + 11 + 15*y + 3*y. List the prime factors of i(13).
2, 3, 17
Let a = -224 - 73. Let z = a - -868. List the prime factors of z.
571
Let d(c) = 7*c**2 - 10*c + 24. Let q be d(4). Let z = q - -159. What are the prime factors of z?
3, 5, 17
Let r(o) = -100 - 9*o - 84 + 2*o**3 + 34*o + 153 - 18*o**2. What are the prime factors of r(11)?
2, 7, 13
Let n(h) be the first derivative of -h**4/4 - 2*h**3 - 7*h**2/2 + 47*h - 203. What are the prime factors of n(-6)?
89
Let z(s) = 59*s - 7. Suppose 0*n = -5*x + 2*n + 19, -n = 4*x - 10. Let g be z(x). Suppose g = 6*m - 70. What are the prime factors of m?
2, 5
Suppose -2*a = -5*g - 5, -5*a - 4*g = 20 + 17. Let l be (-30)/a + 0 + 0. Let h(m) = m**2 + 6*m - 19. What are the prime factors of h(l)?
53
Suppose 2*w - 7215 = -2*z - 355, 5*w + 4*z = 17154. List the prime factors of w.
2, 17, 101
Let l(u) = -2*u**3 - 3*u**2 + 5*u - 2. Let b be l(-3). Suppose -7*o = -2*o + b. List the prime factors of 143 - (o + -1 - (3 - 9)).
2, 5, 7
Let a be (27/3 + (-15)/3)*7. Suppose 43710 - 13050 = a*t. List the prime factors of t.
3, 5, 73
List the prime factors of 5591 + 88 + -19 + 0.
2, 5, 283
Suppose -6*p - 181 = -649. List the prime factors of p/12 + 12/(-8).
5
Suppose 4616 = 18*q - 2332. Suppose 3*n - v - 284 = 0, -5*n + q = v - 98. What are the prime factors of n?
2, 3
Let k be -15 + 20 - 15/6*2. Suppose -15*c + 10*c - 5 = 0, k = 3*h + c - 1631. What are the prime factors of h?
2, 17
Let d(n) = 2*n**2 + 32*n + 10. Let s be -18 + (1 - 2)*8/2. List the prime factors of d(s).
2, 137
List the prime factors of -3898*((-6)/(-2) - 18/(72/20)).
2, 1949
Suppose -56*u - 43808 = -59*u + 5*o, -3*o = -5*u + 72992. What are the prime factors of u?
2, 41, 89
Let b be (7/35)/(2/1730 - 0). Let y = b - -514. What are the prime factors of y?
3, 229
Let x(k) = k**2 - 15*k + 41. Let u be x(23). Let j be 42/(-315) - (-3)/((-90)/(-3904)). Let c = u - j. List the prime factors of c.
5, 19
Suppose -25*g + 13 = -112. Suppose 0 = l + l + 3*n - 655, 3*l = -g*n + 984. List the prime factors of l.
17, 19
Let r(i) = 315*i + 242. List the prime factors of r(4).
2, 751
Let l(u) = 4*u**2 + 10*u + 10. Let d be l(-2). List the prime factors of 262/d*(4 - -2).
2, 131
Suppose 13*n - 24302 = 9*n + 3*d, -d = 4*n - 24310. List the prime factors of n.
59, 103
Let p(s) be the first derivative of -s**4/4 + 6*s**3 - 13*s**2 - 15*s - 95. List the prime factors of p(13).
2, 3, 41
Let q(r) = -r**3 + 70*r**2 + 99*r - 2806. What are the prime factors of q(63)?
2, 15607
Let s(k) = -k**3 + 12*k**2 + 29*k - 19. Let d be s(14). What are the prime factors of (-337 - 3)/(d*8/60)?
2, 3, 5, 17
Let b(y) = 6*y**2 - y + 20. Let m be b(6). Suppose 4*k = 4*v + 2*k + 184, 5*v + 3*k = -m. Let o = v - -62. What are the prime factors of o?
2
Let z = 90 + -93. List the prime factors of ((-177)/((-9)/z) + -3)*-4.
2, 31
Suppose 16*y - 354712 = 421976. What are the prime factors of y?
3, 11, 1471
Let u(c) = -1270*c - 1987. What are the prime factors of u(-15)?
113, 151
List the prime factors of ((-552)/36)/46 + (-317685)/(-9) + -1.
47, 751
Let k = 82 - 80. Suppose k*o + 2*q = 370, 5*o - 5*q = -307 + 1222. What are the prime factors of o?
2, 23
Let o = -64 + 33. Let f = o + 50. Suppose -5 = -u + f. List the prime factors of u.
2, 3
Suppose -5*a = -3*a - 4. Let r be (-2 - -2)/a - 3. List the prime factors of (-43)/r*(-5 - -17).
2, 43
Let h(f) = -f**3 + 4*f**2 - 6. Let w be h(3). Suppose -3*j + 12 = w*j. What are the prime factors of j/1*237/6?
79
Let o(v) = v**2 - 25*v + 14. Let n(r) = -r**2 + 25*r - 13. Let m = -39 + 42. Let p(b) = m*n(b) + 2*o(b). List the prime factors of p(15).
139
Suppose 0 = -4*x - 16, 5*g - 3*x + 0*x = -488. Let v = 21324 + -21582. Let y = g - v. What are the prime factors of y?
2, 79
Suppose -162473 = -6*m + 79139 - 38716. List the prime factors of m.
2, 3, 1409
Suppose -5*t = -13 - 2. List the prime factors of (-32)/144 - t/((-54)/12136).
2, 337
Let i = 82152 - 21312. List the prime factors of i.
2, 3, 5, 13
Let h(a) = 2653*a**2 - 105*a + 50. What are the prime factors of h(-3)?
2, 17, 23, 31
Let g(r) = 106*r**2 + 3*r + 11. Let h be g(-3). List the prime factors of 0 + 5/(20/h).
239
Suppose -27079 + 11542 = -50*u + 94613. What are the prime factors of u?
2203
List the prime factors of (-5)/15 - (-7175)/10*370/15.
2, 8849
Let o(k) = -317*k - 6098. List the prime factors of o(-105).
31, 877
Let x = 152208 + -108305. List the prime factors of x.
43, 1021
Let s(t) = 9*t - 6